the prime factors of g?
2, 3, 73
Let a(k) be the third derivative of k**6/120 + 11*k**5/30 - k**4/8 - k**3 + k**2 - 5. What are the prime factors of a(-22)?
2, 3, 5
Suppose -4*v + 37 = 4*y + y, 0 = -5*v + 3*y + 74. Suppose 22 = -7*s - v. What are the prime factors of (-2 + (-124)/(-10))/((-1)/s)?
2, 13
Let x = -85 - -78. Let q(c) = c**2 - 8*c + 9. Let y be q(x). List the prime factors of y + (-9)/(9/(-2)).
2, 29
Let x = -251 - -251. Suppose -795 = -4*a - 3*k + 939, x = k - 2. List the prime factors of a.
2, 3
Suppose 0 = 5*t - 5*c + 15, -4*c + 3 = -t - 3. List the prime factors of (5/t)/((-180)/7344).
2, 3, 17
Let r be ((-2)/4)/(10 + (-357)/36). What are the prime factors of r/4*(-16064)/48?
2, 251
Let q = -74 - -80. Let s(f) = -3*f + 16 + 14*f - 4*f - q. List the prime factors of s(11).
3, 29
Let g be (2 + -3)/(11/(-11110)). Suppose 0 = -8*m + g + 70. List the prime factors of m.
3, 5
Let o(s) = -s**3 - s**2 + s + 2. Suppose -4*r = 5*j, 7*j = 3*j. Let h be o(r). Suppose -t + h*t = 47. List the prime factors of t.
47
Let w = -18870 + 39115. What are the prime factors of w?
5, 4049
Let d be (-6)/((-24)/(-6)*(-6)/16). Suppose 2*g - 5*r - 22 = -4*r, 5*r = d*g - 44. List the prime factors of g.
11
Let v = 14828 + -9749. What are the prime factors of v?
3, 1693
Let k be 2/6*(491 + 25). Suppose -k = -3*s + 113. What are the prime factors of s?
5, 19
Let j = -542 + 938. Suppose 0 = 4*c + c + 1200. Let v = c + j. List the prime factors of v.
2, 3, 13
List the prime factors of (54085/11 - -1) + (33 - 5415/165).
2, 2459
Suppose 0 = 2*y + i - 27376, 43*i - 8 = 47*i. What are the prime factors of y?
3, 13
Let y be (-2 + 836)*8/24. Let g = y - -157. What are the prime factors of g?
3, 5, 29
Let w = -277 - -281. Suppose 2*h = 0, 565 = w*j + 3*h - 659. List the prime factors of j.
2, 3, 17
Suppose 2*z + 8 = 6*z. Suppose -3*x - 17 = -z*d - 3*d, 3*x - 3*d = -9. Suppose 0*p = -p - 4*b + 68, -b + x = 0. List the prime factors of p.
2
Let w(v) = 11*v**2 - v - 4. Let t = -9 - -12. Let f(m) = m**3 - 3*m**2 + 3. Let i be f(t). List the prime factors of w(i).
2, 23
Let f(k) = -k**2 + 4*k + 8. Let a be f(4). Suppose a = -4*l, -d - 4 = l + l. Suppose -4*p = -3*n - 378, 2*p - n - n - 190 = d. What are the prime factors of p?
3, 31
Let q(w) = w**3 + 39*w**2 - 549. List the prime factors of q(-33).
3, 5, 7, 19
Let n(d) = 45*d**3 - 4*d**2 + d + 2. Suppose 3 = 8*a - 7*a. Let p be n(a). List the prime factors of (p/(-12))/((-6)/9).
2, 37
Suppose 50*y - 1555341 = -152746 + 845855. What are the prime factors of y?
193, 233
Suppose -6*a + 926 + 2374 = 0. Suppose 4*v - 2*q - 1804 + a = 0, 5*v = 4*q + 1566. List the prime factors of v.
2, 157
Let l = -40 - -53. Let q be l/(-4)*(-1 - (-3 - -14)). Let j = -37 + q. What are the prime factors of j?
2
Let n = 15477 + -1144. What are the prime factors of n?
11, 1303
Let r = 245 + -142. Let o = 36 - 61. Let q = o + r. What are the prime factors of q?
2, 3, 13
Suppose -4*u - 3*n + 30 = 2*n, n = -5*u + 48. Suppose u*a - 718 = 8*a. What are the prime factors of a?
359
List the prime factors of (-13)/1820*-20 - (0 - (-42370)/(-7)).
6053
Suppose -868 = 4*q + 2*s - 0*s, -4*q - 3*s - 866 = 0. Let u = 272 + 146. Let m = u + q. What are the prime factors of m?
2, 5
Let d(v) = v - 4. Let m = 63 + -65. Let f be d(m). Let j = 22 + f. List the prime factors of j.
2
Let c(o) = 195*o - 1765. What are the prime factors of c(30)?
5, 19, 43
Let w(a) = 2*a**2 - 2*a + 365. List the prime factors of w(32).
3, 29
Let t(k) = 48*k - 630. List the prime factors of t(25).
2, 3, 5, 19
Suppose -9*n + 4*n - 4*b = -12493, -n - 5*b = -2507. What are the prime factors of n?
11, 227
Let i be (-17)/((-4)/(-10)*(-85)/(-68)). Let l(k) = -k**3 - 32*k**2 + 66*k + 63. What are the prime factors of l(i)?
131
Suppose -15*x - 960 = -3660. List the prime factors of (-72)/(-10)*(-10 + x)*1.
2, 3, 17
Suppose 0 = 4*p + 2*s - 64, 0 = -5*p - s + 125 - 51. Let q = -10 + p. Suppose -4*r + q*g = -252, 0 = -r - 3*g + g + 57. What are the prime factors of r?
61
Let h(j) = j**2 + 6*j - 8. Let u be h(3). Let m be u/9 + 4/(-36). Suppose -m*r = r + 5*v - 236, -4*r = -v - 284. What are the prime factors of r?
2, 3
Let y = 345 + -233. Let w = y + -92. List the prime factors of w/(36/(-20) + 2).
2, 5
Let m(q) = 77*q**2 + 6. Let n be (0 + 2)/(16/48). Let a(k) = -13*k**2 - 1. Let s(h) = n*m(h) + 34*a(h). List the prime factors of s(-2).
2, 41
Let f = -99 + 103. Suppose 5 = -h + 6*h, 0 = -4*l - f*h + 1808. What are the prime factors of l?
11, 41
List the prime factors of 64204290/765 - (-3)/(-17).
23, 41, 89
Let z(b) = 12*b**3 - b**2 + 4*b - 8. Suppose -20*g + 11 = -17*g + 5*k, -g = -4*k + 2. List the prime factors of z(g).
2, 23
Suppose -108 = 51*k - 63*k. Suppose 0 = -4*w - a + 452, -k*a + 13*a = -3*w + 352. List the prime factors of w.
2, 7
Let o(q) = -16*q**3 + 2*q**2 + 4*q + 1. Let w be o(-1). Suppose -575 = -14*a + w*a. Let z = -361 - a. What are the prime factors of z?
2, 107
Let f = 3533 - 634. List the prime factors of f.
13, 223
Let m be 26*(15/(-1))/(-3). Let c = -92 + m. Suppose -62 = -5*d + c. List the prime factors of d.
2, 5
Suppose k = 4*s - 17, 3*s + 7*k - 4 = 6*k. Suppose 2*y = -3*z + 1866, 5*z - 4*y = s*z + 1228. What are the prime factors of z?
2, 5, 31
Let u be (-13)/(-6) - (124/24 + -5). Suppose -4*t = -u*t - 8. Suppose 0*a - t*a = -88. What are the prime factors of a?
2, 11
Let b be 2/(-3)*6 - 45. Let a = b + -23. Let l = -10 - a. List the prime factors of l.
2, 31
Let s = 21 + -19. Suppose h = -s*h. Suppose h*z = -n - 3*z + 76, 97 = n - 4*z. What are the prime factors of n?
5, 17
Suppose -464*m = -234*m - 515660. What are the prime factors of m?
2, 19, 59
Suppose 1084*m - 1087*m + 2677 + 32837 = 0. List the prime factors of m.
2, 3, 1973
Suppose -6*a = -f + 3331, -f = 4*a - 778 - 2563. List the prime factors of f.
47, 71
What are the prime factors of (68320/(-120))/(2/(-39)) - 0?
2, 7, 13, 61
Let m = 115678 - 80515. What are the prime factors of m?
3, 3907
Let c(t) = 5*t**2 + 7*t - 1. Let b be c(-2). Let l be 1*6 - (13 - 9). Suppose l*g - 95 = -b*w, 7*g - 4*g + w = 175. What are the prime factors of g?
2, 3, 5
Let t = -36 + 231. Suppose 36*m - 39*m - t = 0. What are the prime factors of (-96)/(-5) + (-52)/m?
2, 5
Let w(k) = 8*k + 13. Let p(c) = 4*c + 7. Let l(t) = 7*p(t) - 4*w(t). Let n be l(-3). What are the prime factors of 20/90 - (-853)/n?
5, 19
Let v = 5703 + -1319. What are the prime factors of v?
2, 137
Suppose 10*c + 11542 = -3648. Let n = c + 2236. What are the prime factors of n?
3, 239
Suppose 2*k + 128*k = 4282590. What are the prime factors of k?
3, 79, 139
Suppose -39*d = 11*d - 1214453 + 338803. What are the prime factors of d?
83, 211
List the prime factors of (9 - 0/2)*(525 - -72).
3, 199
Let v be 442 - (-2 - -1)/((-2)/(-8)). Let j = 89 + v. What are the prime factors of j?
5, 107
Let z = 22355 + 44197. What are the prime factors of z?
2, 3, 47, 59
Suppose -55*z - 150 = -53*z. Let v = z - -112. Suppose -v = -0*s - s + j, 2*s - 86 = -2*j. List the prime factors of s.
2, 5
Let c = -22199 + 31953. List the prime factors of c.
2, 4877
Suppose 4*p - 42311 = y, 92*p + 5*y = 94*p - 21151. List the prime factors of p.
2, 3, 41, 43
Let k = -64 + 38. Let q = k - -25. What are the prime factors of 3*q*132/(-18)?
2, 11
Let f = 170 + -168. Suppose 0 = l - 5*m - 93, 291 = 3*l - 5*m + f*m. List the prime factors of l.
2, 7
Suppose -24*l = 19*l - 107980 - 143054. What are the prime factors of l?
2, 3, 7, 139
Let b be ((-63)/(-28))/(2/16). Let d = b - -37. Let q = 106 - d. What are the prime factors of q?
3, 17
Suppose -16*f + 35535 = -f. Let y = f + -1335. What are the prime factors of y?
2, 11, 47
Let m(d) = -7045*d - 4102. List the prime factors of m(-6).
2, 13, 367
What are the prime factors of (-434218)/(-12) + 28*33/5544?
5, 7237
Let x(n) = n**3 + 16*n**2 + 50*n - 9. Let q be x(-5). Suppose w - 9*f - 22 = -8*f, w = -f + q. List the prime factors of w.
19
Let i(k) = 27*k + 240. Let y be i(-9). Let s(z) = -32*z**3 - 3*z**2 + z - 1. List the prime factors of s(y).
7, 17
Let j(y) = -33*y + 65*y**2 + 6 - 34*y + 83*y - 27*y. List the prime factors of j(2).
2, 61
Suppose 0 = -160*h + 155*h + 15. Suppose 0 = -d - 2, -3*t - t + 2426 = -h*d. What are the prime factors of t?